w(c)?
3
Let x(k) = 22*k**2 - 1. Let i be x(-1). List the prime factors of (i/(-9))/(2/(-6)).
7
Let w(o) = 37*o**2 - 1. What are the prime factors of w(2)?
3, 7
Let g = -9 - -11. Let n = 4 - g. Suppose 0*d + 30 = n*d. What are the prime factors of d?
3, 5
Let q(l) = l**3 + 4*l**2 - 7*l - 2. Let g be q(-5). Let m = g - 3. List the prime factors of m.
5
Let q(z) = z**3 - 2*z**2 - 5*z + 4. List the prime factors of q(5).
2, 3
Suppose -p - 3 = 0, 2*c - 6*c + 6 = 2*p. Suppose 2*d - 5*h = 13, -2*d + 3*h + 23 = c*d. What are the prime factors of (0 - -2)*30/d?
3, 5
Suppose 2 = 3*a - 16. Suppose -2*m = -14 + a. List the prime factors of m.
2
Let w = 56 + -27. Suppose 1 = -2*x + w. What are the prime factors of x?
2, 7
Suppose 4*g = 2*v + 3*g - 565, -5*v = -5*g - 1405. List the prime factors of v.
2, 71
Suppose i - 21 = -2*i. List the prime factors of i.
7
Let f(n) = -2*n. Let g(v) = -v. Let q(m) = -3*f(m) + 5*g(m). Let h be q(-1). Let k(o) = -15*o**3 - o - 1. List the prime factors of k(h).
3, 5
Let z(s) = -s**3 - 9*s**2 + 2. Let p be z(-9). Let n be (3 - -1 - 1) + p. Suppose -n*c + 16 = -c. List the prime factors of c.
2
Let a(k) = k**2 + k + 4. What are the prime factors of a(-3)?
2, 5
Suppose 3*p - 24 = -p + 4*c, p - 2*c - 10 = 0. Suppose p*k - 36 = -k. What are the prime factors of k?
2, 3
Let o(g) = g**2 - 1. Let b be o(2). Suppose 0 = 15*s - 12*s - 90. Suppose 6*t - b*l - s = t, 25 = 5*l. List the prime factors of t.
3
Suppose -s = -2 + 6. Let i(x) = x - 2 + 1 + x + x**2. List the prime factors of i(s).
7
Suppose -4*r = -5*r. What are the prime factors of (1/2 - r)*54?
3
Suppose 0 = 4*x + 102 + 70. Let n = 84 + x. List the prime factors of n.
41
Let n be (-1)/2*0*-1. Suppose -38 = -2*b + 4*p, n = -0*p - 4*p - 20. What are the prime factors of b?
3
Suppose 5*m - 93 = 47. List the prime factors of m.
2, 7
Let v(h) = -h**2 - h - 6. Let m(x) = -x**2 - x - 6. Let q(o) = 4*m(o) - 5*v(o). What are the prime factors of q(4)?
2, 13
Let i(b) = b**2 + 4*b - 8. List the prime factors of i(4).
2, 3
Let x(y) be the first derivative of -y**2 - 5*y + 2. Let k be (-9)/1 - (0 - 1). List the prime factors of x(k).
11
Let x(g) = 2*g**3 - 3*g**2 + g + 2. Suppose -s - 5*m + 18 = -2*m, 2*s - 4*m + 14 = 0. What are the prime factors of x(s)?
2
Let l be (0 + 475)*4/(-5). List the prime factors of (-6)/42 + l/(-14).
3
Let b(u) = 4*u - 9. Let v be b(8). Suppose 0 = 3*r - 34 - v. What are the prime factors of r?
19
Let j = 5 + 0. Suppose x - j*x = -56. List the prime factors of x.
2, 7
Suppose -54 = -4*m - 2*x, -2*m - 2*x = m - 39. What are the prime factors of m?
3, 5
Let m = 70 + -46. Let k = 52 - m. What are the prime factors of k?
2, 7
Let u(j) = j**3 - 4*j**2 + 2*j + 8. Let t be u(4). Suppose -7 = -f + 1. Let k = t - f. What are the prime factors of k?
2
Suppose -2*a - 50 + 202 = 0. What are the prime factors of a/3 + (-3)/9?
5
Suppose -2*g + 10 = 4. Suppose u = -3*b + 6, -3*u - g = -3*b + 3. Suppose 14 = b*d - 0*d. What are the prime factors of d?
7
Let d = -13 + 20. Suppose -43 = -5*f + d. What are the prime factors of f?
2, 5
Let z = -42 - -85. List the prime factors of z.
43
Suppose 4*c = -d + 224, 4*d + 4*c = -c + 885. List the prime factors of d.
2, 5, 11
Let b(y) = -y**2 + 0*y**2 + 2 - 3*y - 3. Let j be b(3). Let p = j + 30. What are the prime factors of p?
11
Let l(r) = -296*r - 10. What are the prime factors of l(-1)?
2, 11, 13
Suppose 250 = 2*n + 3*o, 6*n - 2*n - 5*o - 544 = 0. What are the prime factors of n?
131
Suppose 7*j - 28 = 539. What are the prime factors of j?
3
Suppose -2*u = -4*u + 66. Suppose -5*w - t - 19 = -67, 3*w - u = -2*t. What are the prime factors of w?
3
Suppose 2 = y, n - 2*n = 5*y - 13. Suppose 4*h = n*b - 2, -4*b + 0*b + 4 = -5*h. Let f = b + -3. What are the prime factors of f?
3
Let r(u) = u**3 + 13*u**2 + 11*u - 5. Suppose 0 = -d - 14 + 2. List the prime factors of r(d).
7
Let t(i) = 2*i**2 + 2*i + 2. Let d be t(-2). Let z(y) = 3 - y**2 - y**2 + 6*y + y**2. What are the prime factors of z(d)?
3
Suppose -5*z + 3*z + 140 = 0. List the prime factors of z.
2, 5, 7
Let r(y) = 16*y + 21. What are the prime factors of r(8)?
149
Suppose 2*c - 6*c + 4*g = 0, -2*c + 3*g + 1 = 0. Let u be 6*((-32)/6 - c). What are the prime factors of (-10 + 8)*u/4?
13
Suppose 4*a + 821 = 3*u, -3*u + 823 = 2*a - 4*a. What are the prime factors of u?
5, 11
Let x(z) = 2*z**2 + 9*z - 2. Let a be x(-7). Suppose 6*d - 3*d = -a. Let i = 21 + d. What are the prime factors of i?
2, 5
Let p(n) = -n - 3. Let s be p(-6). Suppose -4*y + 5 = -s. Suppose -i - y*w + 30 = -6*w, -2*w - 10 = 0. List the prime factors of i.
2, 5
Let n = -55 + 111. What are the prime factors of n?
2, 7
Let s(p) = -5*p + 6. List the prime factors of s(-27).
3, 47
Let z(d) = d**2 + 2*d - 2. Let u be z(2). Suppose -n + 5 = -u. Let l = n + -4. What are the prime factors of l?
7
Let l(y) = -2*y + 10. Let r be l(-5). Let k = -12 + r. What are the prime factors of k?
2
Suppose 0 = a - 5*a + 8. Suppose -3*o - a*c + 6 + 3 = 0, 4*o + 2*c = 14. List the prime factors of o.
5
What are the prime factors of (-22)/(-5 + -2 + 6)?
2, 11
Let r(v) = v + 6. Let t be r(-3). Suppose x + 3*i + 1 = 0, t*i - 22 = -3*x - i. List the prime factors of x.
2, 7
Let s(i) = -11*i**2 - i - 1. Let r be s(-2). Let x = r - -97. List the prime factors of x.
2, 3
Let g be 19/(6/(-3) + 3). Let r be (-9)/18 - g/(-2). Suppose -u + 1 = -r. What are the prime factors of u?
2, 5
List the prime factors of 2/((-28)/(-6)) + 2385/21.
2, 3, 19
Let z(j) = -j**2 + 3*j + 4. Let s(r) = 2*r**2 - 5*r - 7. Let b(k) = 3*s(k) + 5*z(k). Let o(h) = -h - 6. Let a be o(-9). What are the prime factors of b(a)?
2
Suppose 3*g - 27 = 3*n + 2*n, 0 = 4*g - 2*n - 22. Suppose 0 = 3*z - g - 2. Let l = 1 + z. List the prime factors of l.
3
Let j(u) = 5*u**2 + u + 1. Let y be j(-1). Let h(o) = -o**2 + 5*o + 4. List the prime factors of h(y).
2
Let h = 38 - 13. List the prime factors of h.
5
Let z = 1 - -13. What are the prime factors of z/2 + -2 - 1?
2
Let z = -4 - -4. Suppose -4*h - 5*a + 29 = -z*a, 0 = 3*h - a + 2. What are the prime factors of 3*h*(-25)/(-15)?
5
Let v(o) = -21*o - 3. Let n be v(3). Let z = -47 - n. What are the prime factors of z?
19
Suppose -3 = 4*o + 13. Let a = 7 + o. List the prime factors of a.
3
Let h(k) = 6*k + 7. Let q(c) = -5*c - 8. Let p(n) = 4*h(n) + 5*q(n). Let j be p(-9). Let b(y) = y**3 + 5*y**2 + 4*y - 1. List the prime factors of b(j).
5
Suppose -8*t + 69 = -5*t. Suppose w + 5*p = 20, 2*w - 6*w = p - t. Suppose -2*z = -5*s - 6 - 6, -w*z = 5*s - 30. List the prime factors of z.
2, 3
Suppose 78 + 62 = -5*u - 5*j, -2*u + 3*j = 66. Let g = 6 - u. List the prime factors of g.
2, 3
What are the prime factors of -4*(5355/20)/(-7)?
3, 17
Let n(b) = -12*b**3 - 5*b**2 - 6*b + 3. What are the prime factors of n(-3)?
2, 3, 5
Let p(z) = -2*z - 2. Suppose 5*u + 5*f + 50 = 0, u = 3*u - 2*f + 28. Let d = u + 9. What are the prime factors of p(d)?
2
Suppose -4 = 5*x + 1, -3*x = 3*p - 510. What are the prime factors of p?
3, 19
Suppose 13 = -5*r - 12, -4*l + 10 = 2*r. Let g = 8 - l. Suppose 3*x - g*f = -0*f, 0 = 2*x + 2*f - 8. What are the prime factors of x?
2
Suppose 5*o - 4*k - 168 = -53, 5*k + 101 = 4*o. Let q = o + -12. What are the prime factors of q?
7
Let u(d) = -d**3 - 15*d**2 - 18*d - 20. What are the prime factors of u(-14)?
2, 3
Let g be (-11)/(-2) + (-1)/2. Let v = 10 + -9. Suppose 3*p - v - g = 0. What are the prime factors of p?
2
Suppose 3*t + 306 = 3*p, 5*p + t - 106 - 386 = 0. List the prime factors of p.
3, 11
List the prime factors of 3/((12/(-110))/(-2)).
5, 11
Suppose x - 5*u + 17 = 0, -5 = -5*x + 3*u - 2. List the prime factors of x.
3
Let c(g) = 7*g - 9. Let b be c(7). Let q = b - 25. What are the prime factors of q?
3, 5
Let c(m) = m**2 + 2*m - 1. Let x be c(-3). List the prime factors of (x/4)/(3/186).
31
Let z be (0 - -2 - 1)/(-1). Let x = 0 - z. List the prime factors of (x + 0)/(2/22).
11
Let q(t) be the second derivative of t**5/20 + t**4/6 - t**3/2 - t**2 - 2*t. Let r be q(-2). Let m(u) = u**2 - u - 5. What are the prime factors of m(r)?
7
List the prime factors of (-229)/2*(-5 + 3).
229
Let q(h) = -154*h**3 - h**2 + h + 1. What are the prime factors of q(-1)?
3, 17
Suppose 5*t - 37 = 38. List the prime factors of